281239.
17
Calculate the greatest common divisor of 42119 and 91.
7
What is the greatest common divisor of 152701 and 311?
311
What is the greatest common factor of 4122 and 36?
18
Calculate the highest common divisor of 2533882 and 164.
82
What is the highest common factor of 159294 and 53376?
834
Calculate the highest common factor of 426 and 1182.
6
Calculate the greatest common factor of 3616 and 57696.
32
Calculate the highest common factor of 42922 and 55.
11
What is the greatest common factor of 1254 and 1824?
114
Calculate the greatest common factor of 6000 and 972.
12
What is the highest common factor of 42 and 1037610?
42
Calculate the highest common factor of 38675 and 13175.
425
Calculate the highest common factor of 28782 and 2583.
369
Calculate the highest common divisor of 22 and 914419.
11
What is the greatest common divisor of 126 and 23454?
18
Calculate the highest common divisor of 513 and 253574.
19
What is the greatest common divisor of 10945624 and 8?
8
What is the highest common factor of 120601 and 13?
13
Calculate the greatest common divisor of 9035 and 8618.
139
Calculate the highest common factor of 15873 and 87.
3
What is the greatest common factor of 399681 and 135?
27
Calculate the greatest common factor of 260 and 4554680.
260
Calculate the highest common divisor of 290 and 282344.
58
What is the highest common factor of 1450416 and 3280?
656
Calculate the highest common factor of 7161 and 140294.
77
Calculate the highest common factor of 1300 and 23500.
100
Calculate the greatest common factor of 15562 and 24598.
502
Calculate the highest common divisor of 1322 and 10.
2
Calculate the highest common divisor of 50 and 5531025.
25
What is the greatest common divisor of 8944 and 30272?
688
Calculate the highest common divisor of 375 and 27625.
125
What is the greatest common factor of 58519 and 139?
139
What is the highest common factor of 384 and 17268?
12
What is the highest common divisor of 836 and 297671?
11
Calculate the greatest common factor of 12 and 94254.
6
What is the greatest common factor of 232179 and 1203?
1203
Calculate the greatest common divisor of 338 and 244010.
26
Calculate the greatest common divisor of 17 and 1079075.
17
What is the highest common factor of 341 and 8888?
11
Calculate the greatest common divisor of 614040 and 245.
35
What is the highest common factor of 1424 and 2179432?
712
What is the greatest common factor of 215021 and 1219?
53
Calculate the greatest common divisor of 1950 and 1924.
26
Calculate the highest common divisor of 207 and 1583688.
69
What is the highest common divisor of 110 and 182670?
10
Calculate the greatest common divisor of 5 and 292935.
5
Calculate the greatest common divisor of 188608 and 728.
56
What is the highest common factor of 9 and 37143?
9
What is the highest common divisor of 2 and 1131934?
2
What is the highest common divisor of 290521 and 374?
11
Calculate the greatest common factor of 26753 and 19849.
863
What is the greatest common factor of 4112 and 60?
4
Calculate the highest common factor of 105108 and 4332.
228
Calculate the greatest common factor of 37830 and 705.
15
Calculate the highest common divisor of 12152 and 19992.
392
What is the highest common factor of 58501 and 133?
19
Calculate the greatest common factor of 255 and 1921.
17
Calculate the greatest common divisor of 30873 and 1599.
123
Calculate the highest common divisor of 352 and 40051.
11
Calculate the greatest common divisor of 4 and 41466.
2
Calculate the highest common factor of 9054 and 2515.
503
Calculate the highest common divisor of 345914 and 19.
19
What is the highest common factor of 954477 and 405?
27
Calculate the highest common factor of 995 and 716997.
199
What is the highest common factor of 172707 and 69?
69
Calculate the greatest common factor of 43092 and 13338.
1026
What is the highest common factor of 1604047 and 178?
89
Calculate the greatest common divisor of 24 and 9876.
12
Calculate the highest common factor of 800 and 23050.
50
What is the greatest common divisor of 1652 and 868?
28
Calculate the highest common divisor of 1339890 and 3540.
1770
What is the greatest common factor of 7812 and 3654?
126
Calculate the highest common factor of 4375120 and 1360.
1360
Calculate the highest common divisor of 204 and 138132.
12
Calculate the highest common divisor of 105 and 1061655.
105
What is the highest common factor of 7434 and 37566?
18
Calculate the greatest common factor of 3054072 and 1908.
636
What is the greatest common factor of 1095 and 4425?
15
Calculate the greatest common divisor of 62 and 15562.
62
Calculate the greatest common factor of 8438 and 22.
2
What is the highest common factor of 1092 and 220164?
84
What is the highest common divisor of 2308780 and 8?
4
What is the highest common divisor of 64 and 15536?
16
Calculate the greatest common divisor of 1369253 and 397.
397
What is the greatest common factor of 4192 and 4912?
16
What is the greatest common factor of 1819 and 8988?
107
What is the greatest common factor of 34048 and 21812?
532
What is the highest common divisor of 55610 and 1328?
166
What is the greatest common factor of 58595 and 10?
5
Calculate the greatest common factor of 102843 and 1053.
351
Calculate the highest common divisor of 19 and 2753081.
19
What is the greatest common divisor of 59584 and 15124?
76
Calculate the highest common factor of 2873 and 143.
13
Calculate the highest common factor of 7797289 and 2122.
1061
Calculate the greatest common factor of 598 and 49933.
299
Calculate the highest common divisor of 53747 and 142.
71
Calculate the greatest common divisor of 60 and 37212.
12
What is the highest common divisor of 225712 and 64?
16
Calculate the greatest common divisor of 42432 and 8398.
442
What is the highest common factor of 21351 and 2269029?
1941
Calculate the highest common factor of 464 and 2255504.
464
What is the highest common factor of 98 and 138474?
98
What is the greatest common divisor of 2210 and 9690?
170
Calculate the greatest common divisor of 55704 and 3165.
633
Calculate the greatest common divisor of 1633 and 5893.
71
What is the highest common factor of 78550 and 20?
10
What is the highest common divisor of 304 and 823612?
76
What is the greatest common divisor of 22 and 352880?
22
Calculate the highest common divisor of 649 and 1180.
59
Calculate the greatest common factor of 177 and 111.
3
What is the highest common factor of 8 and 265492?
4
Calculate the greatest common divisor of 5406 and 4134.
318
Calculate the greatest common divisor of 7029 and 657.
9
What is the highest common factor of 10922139 and 603?
603
Calculate the greatest common factor of 1240 and 4040.
40
What is the highest common factor of 121 and 8646?
11
Calculate the highest common factor of 69324 and 1696.
212
What is the highest common factor of 7805 and 35?
35
What is the highest common factor of 2112 and 165264?
528
What is the greatest common divisor of 34986 and 102?
102
What is the highest common factor of 228 and 42332?
76
Calculate the highest common factor of 81787 and 663.
17
Calculate the greatest common divisor of 672 and 1491.
21
Calculate the highest common factor of 8 and 23228.
4
What is the highest common divisor of 17918 and 1751?
17
Calculate the greatest common factor of 14259 and 245.
49
Calculate the highest common factor of 173 and 153278.
173
What is the greatest common factor of 101269 and 966?
161
What is the greatest common divisor of 450 and 482?
2
Calculate the highest common factor of 6761975 and 737.
737
What is the greatest common factor of 9701 and 53519?
109
What is the greatest common divisor of 4674 and 14104?
82
Calculate the highest common factor of 6794 and 4558.
86
What is the highest common divisor of 3012 and 135791?
251
Calculate the greatest common divisor of 233064 and 168.
24
What is the highest common factor of 233709 and 8029?
217
Calculate the greatest common divisor of 36344 and 190344.
616
Calculate the highest common divisor of 322885 and 5.
5
Calculate the greatest common factor of 69 and 12098.
23
Calculate the highest common divisor of 102060 and 1860.
60
Calculate the greatest common factor of 3402 and 1260.
126
What is the greatest common fa